(-6)*75/(-125)?
2
Let t be (-14)/(-63) - 1168/(-9). Suppose -25 = 5*b, 0 = -o - 4*o - 4*b + t. What is the units digit of o + 0 + (-8 - -5)?
7
Let k be (5940/8)/9*16/6. Let q = k + -108. What is the hundreds digit of q?
1
Let x be (5/3)/((-1)/(-3)). Suppose -3*t = l - 4, -x*t = -2*l + 5*l - 12. Suppose -l*d + 11 + 15 = 2*b, 2*d = 2*b + 4. What is the units digit of d?
5
Let g(p) = -2*p**3 + 5*p**2 - 3*p + 1. Let m be g(3). Let o = m - -30. What is the tens digit of o?
1
Let g = -5 - -3. What is the tens digit of (53/g)/((-1)/2)?
5
Suppose -3*g + 25 = -59. Suppose g*d = 33*d - 135. What is the tens digit of d?
2
What is the hundreds digit of (-1139)/(-1) + 9 + (-9 - -2)?
1
Suppose 3*u = 4*n + 1306, -5*u + 2*n + 2169 + 3 = 0. Suppose 3*p - 58 = u. What is the units digit of p?
4
Suppose i + 2*g - 3478 = -0*i, -5*g - 3471 = -i. What is the thousands digit of i?
3
Suppose -v + 4 = -0*v. Suppose -4*d + 35*w + 28 = 36*w, 0 = -4*d - 2*w + 24. What is the units digit of (4 - 13/v)*d?
6
Suppose -5*x = -3*o + 1498 - 193, x + 1317 = 3*o. What is the hundreds digit of o?
4
Let r be (4 + -7 - -3) + 3. Suppose -5*w + r = 3*l - 2, 0 = 2*l + 5*w. What is the units digit of (l + 76)*2/6?
7
Suppose -25 = 5*w, 0 = -3*v + 3*w + 29 + 31. Suppose 0 = -17*h + v*h + 204. What is the hundreds digit of h?
1
Suppose -32*q = -6*q - 24362. What is the tens digit of q?
3
Let n(o) = -89*o - 110. What is the units digit of n(-11)?
9
Let r = -28 + 61. What is the units digit of (6/r - 2752/132)*-6?
4
Let b(n) = -44*n + 55. What is the units digit of b(-34)?
1
Let x = 1 - -8. Suppose -4*v - x = 3. What is the tens digit of 6*(5 + v) - -1?
1
Let y = -103 + 175. Suppose y = i - 23. What is the tens digit of i?
9
Suppose -173*v = -172*v - 1538. What is the units digit of v?
8
Suppose 4*x = -20, 0 = -2*a - 3*a - 5*x - 10. Suppose g = -2*g + 2*k + 55, -a*k - 72 = -4*g. What is the units digit of g/(-7) - (-1 + -17)?
5
Let l be (-1)/((-2)/6 - 0). Suppose 5*f + 12 = -l. Let g = f - -13. What is the tens digit of g?
1
Let a(f) = f**3 - 23*f**2 - f + 104. What is the units digit of a(23)?
1
Suppose -2*i + 7 = -25. Suppose -v - 3*v = i. What is the tens digit of (-6)/v*120/9?
2
What is the units digit of 5623 - (16 + (-2 - 5))?
4
Let a = -54 - -57. Suppose 3*u - 350 + 14 = -2*s, 4*s - a*u = 708. What is the hundreds digit of s?
1
Suppose 3*k + 24 = -4*l, 0 = 5*l - 8*l - 9. Let c(u) = 0*u**2 + 2*u**2 + 3*u - 121 + 3*u + 128. What is the tens digit of c(k)?
1
Let g(m) = m**3 - 3*m**2 + 4*m + 2. Let n(k) = -k**3 + 1. Let l(h) = -g(h) - 2*n(h). What is the units digit of l(-3)?
8
Let i(b) be the third derivative of -b**4/6 + 31*b**3/6 + 31*b**2. What is the units digit of i(7)?
3
Let q = -31 - -35. Suppose 0 = -0*l + q*l - 320. What is the tens digit of l?
8
Suppose -2*r + 2*z + 630 = -3*z, -4*r = 5*z - 1320. Let d = -122 + r. What is the tens digit of d?
0
Let k(b) = -37*b**2 - 3*b + 2. Let u be k(2). What is the hundreds digit of (-1*6)/(-3*(-2)/u)?
1
Let d = 7 + -15. Let t = 8 + d. Suppose 5*r + 4*g = -t*g + 121, 0 = -3*r - 4*g + 79. What is the tens digit of r?
2
Suppose -d - 10 = -11*d. Let p = 58 + d. What is the units digit of p?
9
Let t(b) = b**2 - 3*b + 2. Let j be t(4). Let c = 17 - j. Suppose -c = -5*o + 59. What is the tens digit of o?
1
Let i(o) = -304*o - 693. What is the hundreds digit of i(-10)?
3
Let g(u) = 345*u + 481. What is the thousands digit of g(5)?
2
Suppose 0 = -4*u - 11 + 3. Let r = 3 - u. Suppose -q + r*f = 9, 3*f - 2*f = 3*q - 1. What is the units digit of q?
1
Let i be (3/(-6))/(4/(-24)). Let c(n) = 2*n**3 - 2*n**2 + 5*n - 1. What is the tens digit of c(i)?
5
Suppose 3*j + 5 - 41 = 0. What is the hundreds digit of 32/j*57*1/1?
1
Let s = -2 - -6. Let d(t) = t**2 - 3*t - 1. Let b be d(s). Suppose 5*u + b = 28. What is the units digit of u?
5
Suppose 2*i = 3*s - 112, -i - 4*i - 4*s = 303. Let w = 476 - i. What is the units digit of (-3)/(-5) + w/25?
2
Let c(b) = -7*b**3 + 9*b**2 - 10*b + 12. Let y(x) = -8*x**3 + 10*x**2 - 11*x + 13. Let u(o) = -6*c(o) + 5*y(o). What is the tens digit of u(3)?
2
Let a be 1/(2/2) - 6/2. Let w = a - -174. What is the units digit of w?
2
Let j = -1 + -11. Let k = j - -31. Let t = k - -16. What is the units digit of t?
5
Let l(g) = 58*g - 3 - 14*g + 33*g. Let u be l(-3). Let o = -165 - u. What is the tens digit of o?
6
Let f(d) = d**3 + 5*d**2 + 4*d + 10. Let n be f(-5). What is the units digit of (-92 - 1)*(1 + n/5)?
3
Suppose 171 = 3*s - 300. Suppose 9*t - s - 410 = 0. What is the tens digit of t?
6
Let q = -1 - -6. Suppose 0 = q*f - 9 - 16, -4*g - 5*f = -45. Suppose 6*r - 5*h = 3*r + 100, 4*r + g*h - 75 = 0. What is the units digit of r?
5
Suppose 4*q = 2*q. Let x = -90 + 94. Suppose x*w + 2*o - 11 = 69, 2*o = q. What is the tens digit of w?
2
Let w be ((-6)/(-7))/((-3)/(-105)). Suppose -o - w = -6*o. Suppose -4*u + 30 = 4*z + o, 3*u - z = 6. What is the units digit of u?
3
Suppose -4*n + 15218 - 6032 = 5*v, 3*n = -5*v + 6887. What is the hundreds digit of n?
2
What is the tens digit of 0*1*(-4)/(-8) - -89?
8
What is the units digit of 20496/210 + 9/(-15)?
7
Let g be -4 - 0 - 0 - -150. Suppose -2*o + 0*o = t - 74, -4*o - 3*t + g = 0. What is the tens digit of o?
3
What is the tens digit of 3*1/9*2004?
6
Suppose 5*z = 3*i + 2*i - 2010, 3*i = -3*z + 1194. What is the units digit of i?
0
Let b be 7 - (1 - 0) - 3/1. Suppose 2*m + 0*m - 236 = -b*y, 5*y - 396 = -2*m. What is the tens digit of y?
8
Suppose 2*p - 2*b = b + 2247, p = 2*b + 1121. What is the hundreds digit of p?
1
Let t(w) = w**3 + 18*w**2 + 34*w + 6. Let k be t(-14). Let b(v) = -v**2 - 5*v + 1. Let f be b(-6). What is the units digit of 2/f + k/10?
1
Let k be (0 - -4)*19/38. Suppose -26 - 4 = -k*t. What is the tens digit of t?
1
Let g(u) = u**2 - u - 4. Let a be g(3). Let b = 214 - 210. Suppose -4*x + 8 + 50 = w, b*x = a*w + 52. What is the tens digit of x?
1
Let p be (-8)/(-2)*18/(-8). Let t = 34 - p. What is the tens digit of t?
4
Let v be (-1)/((-4)/8) - 2. Suppose 7 - 30 = -t - 5*j, v = -5*t - 4*j + 31. What is the units digit of t?
3
Let b = -1048 + 2914. What is the thousands digit of b?
1
What is the tens digit of 0 + 555 + (7 - 14)?
4
Let p = 106 - 16. What is the units digit of p?
0
Let o be 1509/24 - (-1)/8. What is the units digit of 20/(-8) - o/(-6)?
8
Let g(j) = j**3 + 9*j**2 - 6*j - 3. Suppose 2*k - 38 = 4*c, -2*c + c = -2*k + 11. What is the units digit of g(c)?
1
Let z(y) = y**3 - 10*y**2 - y - 11. Let n be z(10). Let u be 1485/21 - 6/n. Let v = u - 48. What is the units digit of v?
3
Let t = 153 - 38. What is the units digit of 23/t + (-44)/(-5)?
9
Suppose -4*i + 8*s - 4*s + 700 = 0, -3*s = -4*i + 702. What is the units digit of ((-24)/(-9) - 2)*i?
8
Suppose 5*i + 5*c = 140, -7*c + 12*c + 28 = 2*i. What is the units digit of i?
4
Suppose -8 = 2*m - 12, -5*k + 15120 = -5*m. What is the tens digit of k?
2
Suppose -6*w + 21 = -5*w. What is the units digit of w?
1
Suppose 4*s - 11*s + 2492 = 0. Suppose -1004 = -8*b + s. What is the hundreds digit of b?
1
Let f(i) = 3*i**3 + 4*i**2 + 2*i - 2. Suppose -8*u = -9 - 15. What is the hundreds digit of f(u)?
1
Suppose 0 = 8*w - 547 - 389. What is the units digit of w?
7
Let f(x) = 7*x**2 + 3*x - 71. What is the units digit of f(-4)?
9
Suppose -4*n - 5*f + 8*f + 15724 = 0, -4*f - 11800 = -3*n. Suppose -316 = 14*u - n. What is the hundreds digit of u?
2
Let z = -69 + 121. Suppose -j + z = 16. What is the tens digit of j?
3
Let y = 249 + -157. What is the tens digit of y?
9
Suppose 4*x - 1624 = -4*d, -4*x + 133 + 1501 = -d. What is the tens digit of x?
0
Let o be (5/(-2))/((-1)/6). Let v = -8 - -8. Suppose 4*u - 5*y - 157 = -v*y, -o = 3*y. What is the units digit of u?
3
Let j be (-5)/(-20) + 1/(-4) - -11. What is the units digit of (j - 14)*(-164)/6?
2
Suppose -32 = -4*s - 3*g, -s + 4*s - 5*g + 5 = 0. Suppose 4*t + b = 5*b + 12, -s*b = 4*t - 12. What is the units digit of -3*1/(t/(-8))?
8
Suppose 10*g - 2737 + 217 = 0. What is the tens digit of g?
5
Let d(l) be the second derivative of -l**4/12 - 5*l**3/3 - 2*l**2 - 6*l. Suppose 6*a = 3*a - 27. What is the units digit of d(a)?
5
Suppose 12 = -4*p, -3*q = -3*p - 50 - 49. What is the tens digit of (564/q)/(4/10)?
4
Suppose -29337 - 9807 = -28*o. What is the units digit